{"id":212,"date":"2025-12-03T14:32:38","date_gmt":"2025-12-03T13:32:38","guid":{"rendered":"https:\/\/www.visitlakegardabyboat.com\/ita\/?page_id=212"},"modified":"2026-04-18T11:25:13","modified_gmt":"2026-04-18T09:25:13","slug":"home-page","status":"publish","type":"page","link":"https:\/\/www.visitlakegardabyboat.com\/ita\/","title":{"rendered":""},"content":{"rendered":"<div id=\"pl-212\"  class=\"panel-layout\" ><div id=\"pg-212-0\"  class=\"panel-grid panel-has-style\" ><div style=\"padding: -100px 0; \" data-overlay=\"true\" data-overlay-color=\"#000000\" class=\"panel-row-style panel-row-style-for-212-0\" ><div id=\"pgc-212-0-0\"  class=\"panel-grid-cell\" ><div id=\"panel-212-0-0-0\" class=\"so-panel widget widget_sow-editor panel-first-child panel-last-child\" data-index=\"0\" ><div style=\"text-align: left;\" data-title-color=\"#443f3f\" data-headings-color=\"#443f3f\" class=\"panel-widget-style panel-widget-style-for-212-0-0-0\" ><div\n\t\t\t\n\t\t\tclass=\"so-widget-sow-editor so-widget-sow-editor-base\"\n\t\t\t\n\t\t>\n<div class=\"siteorigin-widget-tinymce textwidget\">\n\t<p>&nbsp;<\/p>\n<p>&nbsp;<\/p>\n<p>&nbsp;<\/p>\n<p style=\"text-align: center;\"><span style=\"color: #245fa6;\"><i>\u00abL\u2019immenso e meraviglioso Lago di Garda mi ha incantato: \u00e8 un luogo dove l\u2019anima si apre alla bellezza\u00bb (Stendhal, 1783-1842)<\/i><i>&nbsp;<\/i><\/span><\/p>\n<p><span style=\"font-size: 17px; color: #003366;\">Scopri la bellezza del Lago di Garda con tour privati in barca, eleganti crociere al tramonto ed esperienze esclusive di noleggio barche con partenza da Gargnano.<\/span><\/p>\n<p>&nbsp;<\/p>\n<p><span style=\"color: #002060;\"><span style=\"font-family: Roboto Light;\"><span style=\"font-size: x-large;\"><b>ESPERIENZE UNICHE ED ESCLUSIVE<\/b><\/span><\/span><\/span><\/p>\n<p>Scoprite il Lago di Garda come non l\u2019avete mai visto, con tour privati e guidati che vi portano in barca e via terra alla scoperta di angoli unici: pittoreschi porticcioli, baie nascoste, borghi ricchi di storia, cultura autentica, sport e sapori locali da assaporare<\/p>\n<p>Conosciamo ogni angolo del Lago e dei suoi dintorni: calette segrete, scorci incantevoli e tesori nascosti lontani dai percorsi pi\u00f9 battuti. Con noi vivrete esperienze su misura, pensate per chi cerca bellezza, tranquillit\u00e0 ed esclusivit\u00e0.<\/p>\n<p>Conosciamo ogni angolo del Lago e dei suoi dintorni: calette segrete, scorci incantevoli e tesori nascosti lontani dai percorsi pi\u00f9 battuti. Con noi vivrete esperienze su misura, pensate per chi cerca bellezza, tranquillit\u00e0 ed esclusivit\u00e0.<\/p>\n<p>&nbsp;<\/p>\n<p>Lasciatevi guidare alla scoperta di un Lago autentico, dove ogni momento diventa un ricordo indimenticabile.<\/p>\n<\/div>\n<\/div><\/div><\/div><\/div><\/div><\/div><div id=\"pg-212-1\"  class=\"panel-grid panel-has-style\" ><div style=\"padding: 0px 0; \" data-overlay=\"true\" data-overlay-color=\"#000000\" class=\"panel-row-style panel-row-style-for-212-1\" ><div id=\"pgc-212-1-0\"  class=\"panel-grid-cell\" ><div id=\"panel-212-1-0-0\" class=\"so-panel widget widget_sow-editor panel-first-child panel-last-child\" data-index=\"1\" ><div style=\"text-align: left;\" data-title-color=\"#443f3f\" data-headings-color=\"#443f3f\" class=\"panel-widget-style panel-widget-style-for-212-1-0-0\" ><div\n\t\t\t\n\t\t\tclass=\"so-widget-sow-editor so-widget-sow-editor-base\"\n\t\t\t\n\t\t>\n<div class=\"siteorigin-widget-tinymce textwidget\">\n\t<p><img loading=\"lazy\" decoding=\"async\" class=\"alignnone wp-image-225\" src=\"https:\/\/www.visitlakegardabyboat.com\/ita\/wp-content\/uploads\/sites\/9\/2025\/12\/foto-home1.jpg\" alt=\"\" width=\"372\" height=\"256\" srcset=\"https:\/\/www.visitlakegardabyboat.com\/ita\/wp-content\/uploads\/sites\/9\/2025\/12\/foto-home1.jpg 807w, https:\/\/www.visitlakegardabyboat.com\/ita\/wp-content\/uploads\/sites\/9\/2025\/12\/foto-home1-300x207.jpg 300w, https:\/\/www.visitlakegardabyboat.com\/ita\/wp-content\/uploads\/sites\/9\/2025\/12\/foto-home1-768x529.jpg 768w, https:\/\/www.visitlakegardabyboat.com\/ita\/wp-content\/uploads\/sites\/9\/2025\/12\/foto-home1-230x158.jpg 230w, https:\/\/www.visitlakegardabyboat.com\/ita\/wp-content\/uploads\/sites\/9\/2025\/12\/foto-home1-350x241.jpg 350w, https:\/\/www.visitlakegardabyboat.com\/ita\/wp-content\/uploads\/sites\/9\/2025\/12\/foto-home1-480x331.jpg 480w\" sizes=\"auto, (max-width: 372px) 100vw, 372px\" \/><\/p>\n<p>&nbsp;<\/p>\n<\/div>\n<\/div><\/div><\/div><\/div><div id=\"pgc-212-1-1\"  class=\"panel-grid-cell\" ><div id=\"panel-212-1-1-0\" class=\"so-panel widget widget_sow-editor panel-first-child panel-last-child\" data-index=\"2\" ><div style=\"text-align: left;\" data-title-color=\"#443f3f\" data-headings-color=\"#443f3f\" class=\"panel-widget-style panel-widget-style-for-212-1-1-0\" ><div\n\t\t\t\n\t\t\tclass=\"so-widget-sow-editor so-widget-sow-editor-base\"\n\t\t\t\n\t\t>\n<div class=\"siteorigin-widget-tinymce textwidget\">\n\t<p><img loading=\"lazy\" decoding=\"async\" class=\"alignnone wp-image-231\" src=\"https:\/\/www.visitlakegardabyboat.com\/ita\/wp-content\/uploads\/sites\/9\/2025\/12\/foto-home2-300x207.jpg\" alt=\"\" width=\"372\" height=\"256\" srcset=\"https:\/\/www.visitlakegardabyboat.com\/ita\/wp-content\/uploads\/sites\/9\/2025\/12\/foto-home2-300x207.jpg 300w, https:\/\/www.visitlakegardabyboat.com\/ita\/wp-content\/uploads\/sites\/9\/2025\/12\/foto-home2-768x529.jpg 768w, https:\/\/www.visitlakegardabyboat.com\/ita\/wp-content\/uploads\/sites\/9\/2025\/12\/foto-home2-230x158.jpg 230w, https:\/\/www.visitlakegardabyboat.com\/ita\/wp-content\/uploads\/sites\/9\/2025\/12\/foto-home2-350x241.jpg 350w, https:\/\/www.visitlakegardabyboat.com\/ita\/wp-content\/uploads\/sites\/9\/2025\/12\/foto-home2-480x331.jpg 480w, https:\/\/www.visitlakegardabyboat.com\/ita\/wp-content\/uploads\/sites\/9\/2025\/12\/foto-home2.jpg 807w\" sizes=\"auto, (max-width: 372px) 100vw, 372px\" \/><\/p>\n<p>&nbsp;<\/p>\n<\/div>\n<\/div><\/div><\/div><\/div><div id=\"pgc-212-1-2\"  class=\"panel-grid-cell\" ><div id=\"panel-212-1-2-0\" class=\"so-panel widget widget_sow-editor panel-first-child panel-last-child\" data-index=\"3\" ><div style=\"text-align: left;\" data-title-color=\"#443f3f\" data-headings-color=\"#443f3f\" class=\"panel-widget-style panel-widget-style-for-212-1-2-0\" ><div\n\t\t\t\n\t\t\tclass=\"so-widget-sow-editor so-widget-sow-editor-base\"\n\t\t\t\n\t\t>\n<div class=\"siteorigin-widget-tinymce textwidget\">\n\t<p><img loading=\"lazy\" decoding=\"async\" class=\"alignnone wp-image-232\" src=\"https:\/\/www.visitlakegardabyboat.com\/ita\/wp-content\/uploads\/sites\/9\/2025\/12\/foto-home3-300x207.jpg\" alt=\"\" width=\"372\" height=\"256\" srcset=\"https:\/\/www.visitlakegardabyboat.com\/ita\/wp-content\/uploads\/sites\/9\/2025\/12\/foto-home3-300x207.jpg 300w, https:\/\/www.visitlakegardabyboat.com\/ita\/wp-content\/uploads\/sites\/9\/2025\/12\/foto-home3-768x529.jpg 768w, https:\/\/www.visitlakegardabyboat.com\/ita\/wp-content\/uploads\/sites\/9\/2025\/12\/foto-home3-230x158.jpg 230w, https:\/\/www.visitlakegardabyboat.com\/ita\/wp-content\/uploads\/sites\/9\/2025\/12\/foto-home3-350x241.jpg 350w, https:\/\/www.visitlakegardabyboat.com\/ita\/wp-content\/uploads\/sites\/9\/2025\/12\/foto-home3-480x331.jpg 480w, https:\/\/www.visitlakegardabyboat.com\/ita\/wp-content\/uploads\/sites\/9\/2025\/12\/foto-home3.jpg 807w\" sizes=\"auto, (max-width: 372px) 100vw, 372px\" \/><\/p>\n<p>&nbsp;<\/p>\n<p>&nbsp;<\/p>\n<\/div>\n<\/div><\/div><\/div><\/div><\/div><\/div><\/div>","protected":false},"excerpt":{"rendered":"<p>&nbsp; &nbsp; &nbsp; \u00abL\u2019immenso e meraviglioso Lago di Garda mi ha incantato: \u00e8 un luogo dove l\u2019anima si apre alla bellezza\u00bb (Stendhal, 1783-1842)&nbsp; Scopri la bellezza del Lago di Garda con tour privati in barca, eleganti crociere al tramonto ed esperienze esclusive di noleggio barche con partenza da Gargnano. &nbsp; ESPERIENZE UNICHE ED ESCLUSIVE Scoprite [&hellip;]<\/p>\n","protected":false},"author":1,"featured_media":0,"parent":0,"menu_order":0,"comment_status":"closed","ping_status":"closed","template":"page-templates\/page_fullwidth.php","meta":{"inline_featured_image":false,"ngg_post_thumbnail":0,"footnotes":""},"class_list":["post-212","page","type-page","status-publish","hentry"],"yoast_head":"<!-- This site is optimized with the Yoast SEO plugin v27.4 - https:\/\/yoast.com\/product\/yoast-seo-wordpress\/ -->\n<title>- Visit Lake Garda by boat Italiano<\/title>\n<meta name=\"description\" content=\"Benvenuto in Visit Lake Garda by Boat, il punto di riferimento per esperienze indimenticabili sull&#039;acqua. Offriamo tour privati in barca sul Lago di Garda, sunset cruise con aperitivo e noleggio barche a Gargnano per coppie, famiglie e piccoli gruppi che desiderano comfort, stile e autenticit\u00e0.\" \/>\n<meta name=\"robots\" content=\"index, follow, max-snippet:-1, max-image-preview:large, max-video-preview:-1\" \/>\n<link rel=\"canonical\" href=\"https:\/\/www.visitlakegardabyboat.com\/ita\/\" \/>\n<meta property=\"og:locale\" content=\"it_IT\" \/>\n<meta property=\"og:type\" content=\"article\" \/>\n<meta property=\"og:title\" content=\"- Visit Lake Garda by boat Italiano\" \/>\n<meta property=\"og:description\" content=\"Benvenuto in Visit Lake Garda by Boat, il punto di riferimento per esperienze indimenticabili sull&#039;acqua. Offriamo tour privati in barca sul Lago di Garda, sunset cruise con aperitivo e noleggio barche a Gargnano per coppie, famiglie e piccoli gruppi che desiderano comfort, stile e autenticit\u00e0.\" \/>\n<meta property=\"og:url\" content=\"https:\/\/www.visitlakegardabyboat.com\/ita\/\" \/>\n<meta property=\"og:site_name\" content=\"Visit Lake Garda by boat Italiano\" \/>\n<meta property=\"article:modified_time\" content=\"2026-04-18T09:25:13+00:00\" \/>\n<meta property=\"og:image\" content=\"https:\/\/www.visitlakegardabyboat.com\/ita\/wp-content\/uploads\/sites\/9\/2025\/12\/foto-home1.jpg\" \/>\n\t<meta property=\"og:image:width\" content=\"807\" \/>\n\t<meta property=\"og:image:height\" content=\"556\" \/>\n\t<meta property=\"og:image:type\" content=\"image\/jpeg\" \/>\n<meta name=\"twitter:card\" content=\"summary_large_image\" \/>\n<meta name=\"twitter:label1\" content=\"Tempo di lettura stimato\" \/>\n\t<meta name=\"twitter:data1\" content=\"2 minuti\" \/>\n<script type=\"application\/ld+json\" class=\"yoast-schema-graph\">{\"@context\":\"https:\\\/\\\/schema.org\",\"@graph\":[{\"@type\":\"WebPage\",\"@id\":\"https:\\\/\\\/www.visitlakegardabyboat.com\\\/ita\\\/\",\"url\":\"https:\\\/\\\/www.visitlakegardabyboat.com\\\/ita\\\/\",\"name\":\"- Visit Lake Garda by boat Italiano\",\"isPartOf\":{\"@id\":\"https:\\\/\\\/www.visitlakegardabyboat.com\\\/ita\\\/#website\"},\"primaryImageOfPage\":{\"@id\":\"https:\\\/\\\/www.visitlakegardabyboat.com\\\/ita\\\/#primaryimage\"},\"image\":{\"@id\":\"https:\\\/\\\/www.visitlakegardabyboat.com\\\/ita\\\/#primaryimage\"},\"thumbnailUrl\":\"https:\\\/\\\/www.visitlakegardabyboat.com\\\/ita\\\/wp-content\\\/uploads\\\/sites\\\/9\\\/2025\\\/12\\\/foto-home1.jpg\",\"datePublished\":\"2025-12-03T13:32:38+00:00\",\"dateModified\":\"2026-04-18T09:25:13+00:00\",\"description\":\"Benvenuto in Visit Lake Garda by Boat, il punto di riferimento per esperienze indimenticabili sull'acqua. Offriamo tour privati in barca sul Lago di Garda, sunset cruise con aperitivo e noleggio barche a Gargnano per coppie, famiglie e piccoli gruppi che desiderano comfort, stile e autenticit\u00e0.\",\"inLanguage\":\"it-IT\",\"potentialAction\":[{\"@type\":\"ReadAction\",\"target\":[\"https:\\\/\\\/www.visitlakegardabyboat.com\\\/ita\\\/\"]}]},{\"@type\":\"ImageObject\",\"inLanguage\":\"it-IT\",\"@id\":\"https:\\\/\\\/www.visitlakegardabyboat.com\\\/ita\\\/#primaryimage\",\"url\":\"https:\\\/\\\/www.visitlakegardabyboat.com\\\/ita\\\/wp-content\\\/uploads\\\/sites\\\/9\\\/2025\\\/12\\\/foto-home1.jpg\",\"contentUrl\":\"https:\\\/\\\/www.visitlakegardabyboat.com\\\/ita\\\/wp-content\\\/uploads\\\/sites\\\/9\\\/2025\\\/12\\\/foto-home1.jpg\",\"width\":807,\"height\":556},{\"@type\":\"WebSite\",\"@id\":\"https:\\\/\\\/www.visitlakegardabyboat.com\\\/ita\\\/#website\",\"url\":\"https:\\\/\\\/www.visitlakegardabyboat.com\\\/ita\\\/\",\"name\":\"Visit Lake Garda by boat Italiano\",\"description\":\"\",\"publisher\":{\"@id\":\"https:\\\/\\\/www.visitlakegardabyboat.com\\\/ita\\\/#organization\"},\"potentialAction\":[{\"@type\":\"SearchAction\",\"target\":{\"@type\":\"EntryPoint\",\"urlTemplate\":\"https:\\\/\\\/www.visitlakegardabyboat.com\\\/ita\\\/?s={search_term_string}\"},\"query-input\":{\"@type\":\"PropertyValueSpecification\",\"valueRequired\":true,\"valueName\":\"search_term_string\"}}],\"inLanguage\":\"it-IT\"},{\"@type\":\"Organization\",\"@id\":\"https:\\\/\\\/www.visitlakegardabyboat.com\\\/ita\\\/#organization\",\"name\":\"Visit Lake Garda by boat Italiano\",\"url\":\"https:\\\/\\\/www.visitlakegardabyboat.com\\\/ita\\\/\",\"logo\":{\"@type\":\"ImageObject\",\"inLanguage\":\"it-IT\",\"@id\":\"https:\\\/\\\/www.visitlakegardabyboat.com\\\/ita\\\/#\\\/schema\\\/logo\\\/image\\\/\",\"url\":\"https:\\\/\\\/www.visitlakegardabyboat.com\\\/ita\\\/wp-content\\\/uploads\\\/sites\\\/9\\\/2025\\\/11\\\/visitgardalakebyboat.jpg\",\"contentUrl\":\"https:\\\/\\\/www.visitlakegardabyboat.com\\\/ita\\\/wp-content\\\/uploads\\\/sites\\\/9\\\/2025\\\/11\\\/visitgardalakebyboat.jpg\",\"width\":450,\"height\":419,\"caption\":\"Visit Lake Garda by boat Italiano\"},\"image\":{\"@id\":\"https:\\\/\\\/www.visitlakegardabyboat.com\\\/ita\\\/#\\\/schema\\\/logo\\\/image\\\/\"}}]}<\/script>\n<!-- \/ Yoast SEO plugin. -->","yoast_head_json":{"title":"- Visit Lake Garda by boat Italiano","description":"Benvenuto in Visit Lake Garda by Boat, il punto di riferimento per esperienze indimenticabili sull'acqua. Offriamo tour privati in barca sul Lago di Garda, sunset cruise con aperitivo e noleggio barche a Gargnano per coppie, famiglie e piccoli gruppi che desiderano comfort, stile e autenticit\u00e0.","robots":{"index":"index","follow":"follow","max-snippet":"max-snippet:-1","max-image-preview":"max-image-preview:large","max-video-preview":"max-video-preview:-1"},"canonical":"https:\/\/www.visitlakegardabyboat.com\/ita\/","og_locale":"it_IT","og_type":"article","og_title":"- Visit Lake Garda by boat Italiano","og_description":"Benvenuto in Visit Lake Garda by Boat, il punto di riferimento per esperienze indimenticabili sull'acqua. Offriamo tour privati in barca sul Lago di Garda, sunset cruise con aperitivo e noleggio barche a Gargnano per coppie, famiglie e piccoli gruppi che desiderano comfort, stile e autenticit\u00e0.","og_url":"https:\/\/www.visitlakegardabyboat.com\/ita\/","og_site_name":"Visit Lake Garda by boat Italiano","article_modified_time":"2026-04-18T09:25:13+00:00","og_image":[{"width":807,"height":556,"url":"https:\/\/www.visitlakegardabyboat.com\/ita\/wp-content\/uploads\/sites\/9\/2025\/12\/foto-home1.jpg","type":"image\/jpeg"}],"twitter_card":"summary_large_image","twitter_misc":{"Tempo di lettura stimato":"2 minuti"},"schema":{"@context":"https:\/\/schema.org","@graph":[{"@type":"WebPage","@id":"https:\/\/www.visitlakegardabyboat.com\/ita\/","url":"https:\/\/www.visitlakegardabyboat.com\/ita\/","name":"- Visit Lake Garda by boat Italiano","isPartOf":{"@id":"https:\/\/www.visitlakegardabyboat.com\/ita\/#website"},"primaryImageOfPage":{"@id":"https:\/\/www.visitlakegardabyboat.com\/ita\/#primaryimage"},"image":{"@id":"https:\/\/www.visitlakegardabyboat.com\/ita\/#primaryimage"},"thumbnailUrl":"https:\/\/www.visitlakegardabyboat.com\/ita\/wp-content\/uploads\/sites\/9\/2025\/12\/foto-home1.jpg","datePublished":"2025-12-03T13:32:38+00:00","dateModified":"2026-04-18T09:25:13+00:00","description":"Benvenuto in Visit Lake Garda by Boat, il punto di riferimento per esperienze indimenticabili sull'acqua. Offriamo tour privati in barca sul Lago di Garda, sunset cruise con aperitivo e noleggio barche a Gargnano per coppie, famiglie e piccoli gruppi che desiderano comfort, stile e autenticit\u00e0.","inLanguage":"it-IT","potentialAction":[{"@type":"ReadAction","target":["https:\/\/www.visitlakegardabyboat.com\/ita\/"]}]},{"@type":"ImageObject","inLanguage":"it-IT","@id":"https:\/\/www.visitlakegardabyboat.com\/ita\/#primaryimage","url":"https:\/\/www.visitlakegardabyboat.com\/ita\/wp-content\/uploads\/sites\/9\/2025\/12\/foto-home1.jpg","contentUrl":"https:\/\/www.visitlakegardabyboat.com\/ita\/wp-content\/uploads\/sites\/9\/2025\/12\/foto-home1.jpg","width":807,"height":556},{"@type":"WebSite","@id":"https:\/\/www.visitlakegardabyboat.com\/ita\/#website","url":"https:\/\/www.visitlakegardabyboat.com\/ita\/","name":"Visit Lake Garda by boat Italiano","description":"","publisher":{"@id":"https:\/\/www.visitlakegardabyboat.com\/ita\/#organization"},"potentialAction":[{"@type":"SearchAction","target":{"@type":"EntryPoint","urlTemplate":"https:\/\/www.visitlakegardabyboat.com\/ita\/?s={search_term_string}"},"query-input":{"@type":"PropertyValueSpecification","valueRequired":true,"valueName":"search_term_string"}}],"inLanguage":"it-IT"},{"@type":"Organization","@id":"https:\/\/www.visitlakegardabyboat.com\/ita\/#organization","name":"Visit Lake Garda by boat Italiano","url":"https:\/\/www.visitlakegardabyboat.com\/ita\/","logo":{"@type":"ImageObject","inLanguage":"it-IT","@id":"https:\/\/www.visitlakegardabyboat.com\/ita\/#\/schema\/logo\/image\/","url":"https:\/\/www.visitlakegardabyboat.com\/ita\/wp-content\/uploads\/sites\/9\/2025\/11\/visitgardalakebyboat.jpg","contentUrl":"https:\/\/www.visitlakegardabyboat.com\/ita\/wp-content\/uploads\/sites\/9\/2025\/11\/visitgardalakebyboat.jpg","width":450,"height":419,"caption":"Visit Lake Garda by boat Italiano"},"image":{"@id":"https:\/\/www.visitlakegardabyboat.com\/ita\/#\/schema\/logo\/image\/"}}]}},"_links":{"self":[{"href":"https:\/\/www.visitlakegardabyboat.com\/ita\/wp-json\/wp\/v2\/pages\/212","targetHints":{"allow":["GET"]}}],"collection":[{"href":"https:\/\/www.visitlakegardabyboat.com\/ita\/wp-json\/wp\/v2\/pages"}],"about":[{"href":"https:\/\/www.visitlakegardabyboat.com\/ita\/wp-json\/wp\/v2\/types\/page"}],"author":[{"embeddable":true,"href":"https:\/\/www.visitlakegardabyboat.com\/ita\/wp-json\/wp\/v2\/users\/1"}],"replies":[{"embeddable":true,"href":"https:\/\/www.visitlakegardabyboat.com\/ita\/wp-json\/wp\/v2\/comments?post=212"}],"version-history":[{"count":41,"href":"https:\/\/www.visitlakegardabyboat.com\/ita\/wp-json\/wp\/v2\/pages\/212\/revisions"}],"predecessor-version":[{"id":1360,"href":"https:\/\/www.visitlakegardabyboat.com\/ita\/wp-json\/wp\/v2\/pages\/212\/revisions\/1360"}],"wp:attachment":[{"href":"https:\/\/www.visitlakegardabyboat.com\/ita\/wp-json\/wp\/v2\/media?parent=212"}],"curies":[{"name":"wp","href":"https:\/\/api.w.org\/{rel}","templated":true}]}}